{"id":162,"date":"2025-04-04T15:46:48","date_gmt":"2025-04-04T13:46:48","guid":{"rendered":"https:\/\/masterjcco.eu\/?page_id=162"},"modified":"2026-03-23T12:56:32","modified_gmt":"2026-03-23T11:56:32","slug":"accueil","status":"publish","type":"page","link":"https:\/\/masterjcco.eu\/","title":{"rendered":"Accueil"},"content":{"rendered":"\r\n<section class=\"wp-block-group alignfull has-white-background-color has-text-color has-background is-horizontal is-content-justification-center is-layout-flex wp-container-core-group-is-layout-845b003f wp-block-group-is-layout-flex\" style=\"border-style: none; border-width: 0px; border-radius: 0px; color: #03081e; margin-top: 0px; font-size:clamp(1.976rem, 1.976rem + ((1vw - 0.2rem) * 2.158), 3.5rem); padding: 6.51rem 1rem 5.5rem 1rem;\">\r\n<figure class=\"wp-block-image size-full is-resized is-style-rounded\" style=\"margin: 0 var(--wp--preset--spacing--medium) 0 var(--wp--preset--spacing--medium);\"><img loading=\"lazy\" decoding=\"async\" width=\"480\" height=\"509\" class=\"wp-image-307\" style=\"width: 244px; height: auto;\" src=\"http:\/\/masterjcco.eu\/wp-content\/uploads\/2025\/05\/LOGO-PARFAIT.png\" alt=\"\" srcset=\"https:\/\/masterjcco.eu\/wp-content\/uploads\/2025\/05\/LOGO-PARFAIT.png 480w, https:\/\/masterjcco.eu\/wp-content\/uploads\/2025\/05\/LOGO-PARFAIT-283x300.png 283w\" sizes=\"auto, (max-width: 480px) 100vw, 480px\" \/><\/figure>\r\n\r\n\r\n\r\n<figure class=\"wp-block-pullquote has-x-small-font-size\" style=\"max-width:50vw\">\r\n<blockquote>\r\n<p style=\"text-align:center\"><strong>MASTER DE DROIT DES AFFAIRES<\/strong>: Juriste conformit\u00e9: compliance officer<\/p>\r\n<p> Master de la Facult\u00e9 de droit, de sciences politiques et de gestion de l&#8217;Universit\u00e9 de Strasbourg<\/p>\r\n<p style=\"text-align:center\"><strong>Devenez les garants de la conformit\u00e9<\/strong><\/p>\r\n<\/blockquote>\r\n<\/figure>\r\n\r\n\r\n\r\n\r\n<div class=\"wp-block-columns is-layout-flex wp-container-core-columns-is-layout-db2df21c wp-block-columns-is-layout-flex\" style=\"margin-bottom: 0px;\">\r\n<div class=\"wp-block-column has-global-padding is-content-justification-left is-layout-constrained wp-container-core-column-is-layout-12dd3699 wp-block-column-is-layout-constrained\" style=\"flex-basis: 45%;\">\r\n<figure class=\"wp-block-image size-large is-style-default\">\r\n<p><img loading=\"lazy\" decoding=\"async\" class=\"alignnone  wp-image-990\" src=\"http:\/\/masterjcco.eu\/wp-content\/uploads\/2026\/02\/WhatsApp-Image-2026-02-06-at-23.25.01-1-300x200.jpeg\" alt=\"\" width=\"872\" height=\"581\" srcset=\"https:\/\/masterjcco.eu\/wp-content\/uploads\/2026\/02\/WhatsApp-Image-2026-02-06-at-23.25.01-1-300x200.jpeg 300w, https:\/\/masterjcco.eu\/wp-content\/uploads\/2026\/02\/WhatsApp-Image-2026-02-06-at-23.25.01-1-1024x682.jpeg 1024w, https:\/\/masterjcco.eu\/wp-content\/uploads\/2026\/02\/WhatsApp-Image-2026-02-06-at-23.25.01-1.jpeg 1600w\" sizes=\"auto, (max-width: 872px) 100vw, 872px\" \/><\/p>\r\n<figcaption class=\"wp-element-caption\"><strong><em>Promotion Master 2 JCCO 2025-<\/em>2026<br \/><br \/>Cette photo de promotion marque la reprise du master par Madame <a id=\"ember537\" class=\"ember-view\" tabindex=\"0\" href=\"https:\/\/www.linkedin.com\/in\/florence-thepot-13b53b8\/?lipi=urn%3Ali%3Apage%3Ad_flagship3_profile_view_base_recent_activity_content_view%3Bni%2BU5aAZQ3CoubkFaWxiUQ%3D%3D\" data-ntt-old-href=\"\/in\/florence-thepot-13b53b8\/\">Florence Thepot<\/a>, premi\u00e8re promotion sous sa direction. Nous sommes tr\u00e8s fiers de faire partie de cette nouvelle \u00e9tape et tenons \u00e0 la remercier chaleureusement pour son accompagnement bienveillant et son exigence synonyme d\u2019excellence.<br \/><\/strong><\/figcaption>\r\n<\/figure>\r\n<\/div>\r\n\r\n\r\n\r\n<div class=\"wp-block-column is-layout-flow wp-block-column-is-layout-flow\">\r\n<div class=\"wp-block-group is-vertical is-content-justification-left is-layout-flex wp-container-core-group-is-layout-c5d44cae wp-block-group-is-layout-flex\" style=\"min-height: 100%;\">\r\n<div class=\"wp-block-group has-global-padding is-content-justification-center is-layout-constrained wp-container-core-group-is-layout-b15c80d6 wp-block-group-is-layout-constrained\">\r\n<h3 class=\"wp-block-heading has-text-color\" style=\"color: #07277c; margin-top: 1.8rem; margin-bottom: 1.01rem; font-size:clamp(0.875rem, 0.875rem + ((1vw - 0.2rem) * 0.46), 1.2rem); font-style: normal; font-weight: 1000; letter-spacing: 0px; line-height: 1.3; text-transform: uppercase;\">Un master professionnalisant Tourn\u00e9 vers les enjeux de la conformit\u00e9<\/h3>\r\n\r\n\r\n\r\n<div class=\"wp-block-columns is-layout-flex wp-container-core-columns-is-layout-28f84493 wp-block-columns-is-layout-flex\">\r\n<div class=\"wp-block-column is-layout-flow wp-block-column-is-layout-flow\" style=\"flex-basis: 100%;\">\r\n<p class=\"has-text-color has-small-font-size\" style=\"color: #03081e;\">Le Master Juriste Conformit\u00e9 &#8211; Compliance Officer a pour objectif de former des sp\u00e9cialistes de la conformit\u00e9 appel\u00e9s \u00e0 exercer au sein d\u2019une grande diversit\u00e9 d\u2019acteurs : banques, compagnies d\u2019assurances, entreprises disposant d\u2019un service de conformit\u00e9, ou encore intervenants des march\u00e9s financiers. Apr\u00e8s une premi\u00e8re ann\u00e9e de master centr\u00e9e sur les fondamentaux du droit des affaires, cette formation se distingue par son orientation professionnalisante, permettant aux \u00e9tudiants d\u2019effectuer leur deuxi\u00e8me ann\u00e9e en alternance. Ils b\u00e9n\u00e9ficient d\u2019un encadrement de qualit\u00e9, assur\u00e9 par une \u00e9quipe p\u00e9dagogique compos\u00e9e d\u2019universitaires, de professionnels et d\u2019experts issus de diff\u00e9rents domaines de la conformit\u00e9.<\/p>\r\n<\/div>\r\n<\/div>\r\n<\/div>\r\n<\/div>\r\n<\/div>\r\n<\/div>\r\n<\/section>\r\n\r\n\r\n\r\n<h2 class=\"wp-block-heading\"><mark class=\"has-inline-color\" style=\"background-color: rgba(0, 0, 0, 0); color: #030988;\"><strong>PR\u00c9SENTATION DU MASTER JCCO EN VID\u00c9O<\/strong><\/mark><\/h2>\r\n\r\n\r\n\r\n<section class=\"wp-block-cover alignfull is-light\" style=\"border-style: none; border-width: 0px; margin-top: 0px; padding-bottom: 0rem; min-height: 705px;aspect-ratio:unset;\">\r\n<div class=\"wp-block-cover__inner-container has-global-padding is-layout-constrained wp-container-core-cover-is-layout-05af8c5f wp-block-cover-is-layout-constrained\">\r\n<div class=\"wp-block-group alignfull has-text-color has-global-padding is-layout-constrained wp-container-core-group-is-layout-6f61d7e7 wp-block-group-is-layout-constrained\" style=\"color: #252525; margin-top: 0px; font-size:clamp(0.875rem, 0.875rem + ((1vw - 0.2rem) * 0.361), 1.13rem); font-style: normal; font-weight: 400; line-height: 1.4; padding: 0rem 1rem 0rem 1rem;\">\r\n<div class=\"wp-block-group is-vertical is-content-justification-center is-layout-flex wp-container-core-group-is-layout-b6c1f246 wp-block-group-is-layout-flex\">\u00a0<\/div>\r\n<\/div>\r\n\r\n\r\n\r\n<figure class=\"wp-block-video\"><video style=\"aspect-ratio: 880 \/ 504;\" src=\"https:\/\/masterjcco.eu\/wp-content\/uploads\/2025\/06\/screenrecording-06-23-2025-15-17-53-1_GlWnBifM-1.mp4\" controls=\"controls\" width=\"880\" height=\"504\"><\/video><\/figure>\r\n<\/div>\r\n<\/section>\r\n\r\n\r\n\r\n<p>&nbsp;<\/p>\r\n\r\n\r\n\r\n<p>&nbsp;<\/p>\r\n\r\n\r\n\r\n<div class=\"wp-block-buttons is-layout-flex wp-block-buttons-is-layout-flex\">\r\n<div class=\"wp-block-button\"><a class=\"wp-block-button__link wp-element-button\">Le master en quelques mots &#8230;<\/a><\/div>\r\n<\/div>\r\n\r\n\r\n\r\n<p class=\"has-foreground-color has-text-color has-link-color wp-elements-2ebabc8e14e7d12832a7dfb55013b8f5\">Cr\u00e9\u00e9 en 2005 par Madame Chantal Cutajar, le Master Juriste Conformit\u00e9 &#8211; Compliance Officer a vu le jour pour r\u00e9pondre aux d\u00e9fis croissants li\u00e9s \u00e0 la pr\u00e9vention des fraudes, du blanchiment d\u2019argent et de la corruption. Cette initiative visait \u00e0 anticiper les besoins des entreprises et des institutions en formant des juristes sp\u00e9cialis\u00e9s, capables de g\u00e9rer ces risques. D\u00e8s son lancement, le programme a b\u00e9n\u00e9fici\u00e9 d\u2019une reconnaissance de la part des principales autorit\u00e9s nationales, telles que le Service central de pr\u00e9vention de la corruption, TRACFIN, la Commission bancaire, la Caisse des D\u00e9p\u00f4ts et Consignations, ainsi que l\u2019Autorit\u00e9 des march\u00e9s financiers. Ces institutions ont salu\u00e9 une approche novatrice, pla\u00e7ant la formation au c\u0153ur de la strat\u00e9gie de pr\u00e9vention.<\/p>\r\n\r\n\r\n\r\n<p class=\"has-foreground-color has-text-color has-link-color wp-elements-8546bc0701bd156aa0d5091e7ef52558\">Au fil des ann\u00e9es, le Master a continuellement \u00e9volu\u00e9 afin de rester en phase avec les nouvelles exigences des entreprises et les \u00e9volutions des r\u00e9glementations, tant nationales qu\u2019internationales. Plus r\u00e9cemment, il s\u2019est d\u00e9velopp\u00e9 gr\u00e2ce \u00e0 un partenariat avec le Luxembourg Lifelong Learning Centre (LLLC), offrant une formation continue destin\u00e9e aux professionnels souhaitant se sp\u00e9cialiser en conformit\u00e9.<\/p>\r\n\r\n\r\n\r\n<p class=\"has-foreground-color has-text-color has-link-color wp-elements-f369c2545c0c4e43a990949b091c459b\">Les enseignements, de nature pluridisciplinaire, sont con\u00e7us pour fournir une vision globale de la conformit\u00e9. Ils sont dispens\u00e9s par des intervenants issus de secteurs vari\u00e9s : institutions publiques (telles que l\u2019AFA, l\u2019AMF ou TRACFIN), banques, compagnies d\u2019assurances et entreprises priv\u00e9es. Gr\u00e2ce \u00e0 une p\u00e9dagogie alliant th\u00e9orie et mise en pratique, les \u00e9tudiants b\u00e9n\u00e9ficient d\u2019une pr\u00e9paration compl\u00e8te pour faire face aux d\u00e9fis complexes de la conformit\u00e9.<\/p>\r\n\r\n\r\n\r\n<p class=\"has-foreground-color has-text-color has-link-color wp-elements-e0c532b3aac9cc0bc15f4377059736ce\">Ainsi, le Master a pour ambition de former des sp\u00e9cialistes de la conformit\u00e9 capables d\u2019\u00e9voluer dans des organisations diverses : banques, assurances, grandes entreprises ou cabinets sp\u00e9cialis\u00e9s.<br \/>Reconnu pour la qualit\u00e9 de son enseignement, le Master Juriste Conformit\u00e9 &#8211; Compliance Officer s\u2019impose aujourd\u2019hui comme une r\u00e9f\u00e9rence dans la formation des experts en conformit\u00e9.<\/p>\r\n","protected":false},"excerpt":{"rendered":"<p>MASTER DE DROIT DES AFFAIRES: Juriste conformit\u00e9: compliance officer Master de la Facult\u00e9 de droit, de sciences politiques et de gestion de l&#8217;Universit\u00e9 de Strasbourg Devenez les garants de la conformit\u00e9 Un master professionnalisant Tourn\u00e9 vers les enjeux de la conformit\u00e9 Le Master Juriste Conformit\u00e9 &#8211; Compliance Officer a pour objectif de former des sp\u00e9cialistes &hellip; <\/p>\n<p class=\"link-more\"><a href=\"https:\/\/masterjcco.eu\/\" class=\"more-link\">Read more<span class=\"screen-reader-text\"> &#8220;Accueil&#8221;<\/span><\/a><\/p>\n","protected":false},"author":1,"featured_media":0,"parent":0,"menu_order":0,"comment_status":"closed","ping_status":"closed","template":"","meta":{"footnotes":""},"class_list":["post-162","page","type-page","status-publish","hentry"],"yoast_head":"<!-- This site is optimized with the Yoast SEO plugin v27.4 - https:\/\/yoast.com\/product\/yoast-seo-wordpress\/ -->\n<title>Master Juriste Conformit\u00e9 Compliance Officer : Devenir Juriste Conformit\u00e9 Compliance Officer, Strasbourg<\/title>\n<meta name=\"description\" content=\"Formez-vous au m\u00e9tier de Juriste Conformit\u00e9 et Compliance Officer \u00e0 la Facult\u00e9 de droit de Strasbourg. Master sp\u00e9cialis\u00e9 en droit des affaires et r\u00e9glementation pour r\u00e9ussir dans la conformit\u00e9.\" \/>\n<meta name=\"robots\" content=\"index, follow, max-snippet:-1, max-image-preview:large, max-video-preview:-1\" \/>\n<link rel=\"canonical\" href=\"https:\/\/masterjcco.eu\/\" \/>\n<meta property=\"og:locale\" content=\"en_US\" \/>\n<meta property=\"og:type\" content=\"article\" \/>\n<meta property=\"og:title\" content=\"Master Juriste Conformit\u00e9 Compliance Officer : Devenir Juriste Conformit\u00e9 Compliance Officer, Strasbourg\" \/>\n<meta property=\"og:description\" content=\"Formez-vous au m\u00e9tier de Juriste Conformit\u00e9 et Compliance Officer \u00e0 la Facult\u00e9 de droit de Strasbourg. Master sp\u00e9cialis\u00e9 en droit des affaires et r\u00e9glementation pour r\u00e9ussir dans la conformit\u00e9.\" \/>\n<meta property=\"og:url\" content=\"https:\/\/masterjcco.eu\/\" \/>\n<meta property=\"og:site_name\" content=\"Master Juriste Conformit\u00e9 Compliance Officer\" \/>\n<meta property=\"article:modified_time\" content=\"2026-03-23T11:56:32+00:00\" \/>\n<meta property=\"og:image\" content=\"https:\/\/masterjcco.eu\/wp-content\/uploads\/2025\/05\/LOGO-PARFAIT.png\" \/>\n\t<meta property=\"og:image:width\" content=\"480\" \/>\n\t<meta property=\"og:image:height\" content=\"509\" \/>\n\t<meta property=\"og:image:type\" content=\"image\/png\" \/>\n<meta name=\"twitter:card\" content=\"summary_large_image\" \/>\n<meta name=\"twitter:label1\" content=\"Est. reading time\" \/>\n\t<meta name=\"twitter:data1\" content=\"3 minutes\" \/>\n<script type=\"application\/ld+json\" class=\"yoast-schema-graph\">{\"@context\":\"https:\\\/\\\/schema.org\",\"@graph\":[{\"@type\":\"WebPage\",\"@id\":\"https:\\\/\\\/masterjcco.eu\\\/\",\"url\":\"https:\\\/\\\/masterjcco.eu\\\/\",\"name\":\"Master Juriste Conformit\u00e9 Compliance Officer : Devenir Juriste Conformit\u00e9 Compliance Officer, Strasbourg\",\"isPartOf\":{\"@id\":\"https:\\\/\\\/masterjcco.eu\\\/#website\"},\"primaryImageOfPage\":{\"@id\":\"https:\\\/\\\/masterjcco.eu\\\/#primaryimage\"},\"image\":{\"@id\":\"https:\\\/\\\/masterjcco.eu\\\/#primaryimage\"},\"thumbnailUrl\":\"http:\\\/\\\/masterjcco.eu\\\/wp-content\\\/uploads\\\/2025\\\/05\\\/LOGO-PARFAIT.png\",\"datePublished\":\"2025-04-04T13:46:48+00:00\",\"dateModified\":\"2026-03-23T11:56:32+00:00\",\"description\":\"Formez-vous au m\u00e9tier de Juriste Conformit\u00e9 et Compliance Officer \u00e0 la Facult\u00e9 de droit de Strasbourg. Master sp\u00e9cialis\u00e9 en droit des affaires et r\u00e9glementation pour r\u00e9ussir dans la conformit\u00e9.\",\"breadcrumb\":{\"@id\":\"https:\\\/\\\/masterjcco.eu\\\/#breadcrumb\"},\"inLanguage\":\"en-US\",\"potentialAction\":[{\"@type\":\"ReadAction\",\"target\":[\"https:\\\/\\\/masterjcco.eu\\\/\"]}]},{\"@type\":\"ImageObject\",\"inLanguage\":\"en-US\",\"@id\":\"https:\\\/\\\/masterjcco.eu\\\/#primaryimage\",\"url\":\"https:\\\/\\\/masterjcco.eu\\\/wp-content\\\/uploads\\\/2025\\\/05\\\/LOGO-PARFAIT.png\",\"contentUrl\":\"https:\\\/\\\/masterjcco.eu\\\/wp-content\\\/uploads\\\/2025\\\/05\\\/LOGO-PARFAIT.png\",\"width\":480,\"height\":509},{\"@type\":\"BreadcrumbList\",\"@id\":\"https:\\\/\\\/masterjcco.eu\\\/#breadcrumb\",\"itemListElement\":[{\"@type\":\"ListItem\",\"position\":1,\"name\":\"Accueil\",\"item\":\"https:\\\/\\\/masterjcco.eu\\\/\"},{\"@type\":\"ListItem\",\"position\":2,\"name\":\"Accueil\"}]},{\"@type\":\"WebSite\",\"@id\":\"https:\\\/\\\/masterjcco.eu\\\/#website\",\"url\":\"https:\\\/\\\/masterjcco.eu\\\/\",\"name\":\"Master Juriste Conformit\u00e9 Compliance Officer\",\"description\":\"\",\"publisher\":{\"@id\":\"https:\\\/\\\/masterjcco.eu\\\/#organization\"},\"potentialAction\":[{\"@type\":\"SearchAction\",\"target\":{\"@type\":\"EntryPoint\",\"urlTemplate\":\"https:\\\/\\\/masterjcco.eu\\\/?s={search_term_string}\"},\"query-input\":{\"@type\":\"PropertyValueSpecification\",\"valueRequired\":true,\"valueName\":\"search_term_string\"}}],\"inLanguage\":\"en-US\"},{\"@type\":\"Organization\",\"@id\":\"https:\\\/\\\/masterjcco.eu\\\/#organization\",\"name\":\"Master Juriste Conformit\u00e9 Compliance Officer\",\"url\":\"https:\\\/\\\/masterjcco.eu\\\/\",\"logo\":{\"@type\":\"ImageObject\",\"inLanguage\":\"en-US\",\"@id\":\"https:\\\/\\\/masterjcco.eu\\\/#\\\/schema\\\/logo\\\/image\\\/\",\"url\":\"https:\\\/\\\/masterjcco.eu\\\/wp-content\\\/uploads\\\/2025\\\/05\\\/cropped-LOGO-PARFAIT.png\",\"contentUrl\":\"https:\\\/\\\/masterjcco.eu\\\/wp-content\\\/uploads\\\/2025\\\/05\\\/cropped-LOGO-PARFAIT.png\",\"width\":409,\"height\":410,\"caption\":\"Master Juriste Conformit\u00e9 Compliance Officer \"},\"image\":{\"@id\":\"https:\\\/\\\/masterjcco.eu\\\/#\\\/schema\\\/logo\\\/image\\\/\"}}]}<\/script>\n<!-- \/ Yoast SEO plugin. -->","yoast_head_json":{"title":"Master Juriste Conformit\u00e9 Compliance Officer : Devenir Juriste Conformit\u00e9 Compliance Officer, Strasbourg","description":"Formez-vous au m\u00e9tier de Juriste Conformit\u00e9 et Compliance Officer \u00e0 la Facult\u00e9 de droit de Strasbourg. Master sp\u00e9cialis\u00e9 en droit des affaires et r\u00e9glementation pour r\u00e9ussir dans la conformit\u00e9.","robots":{"index":"index","follow":"follow","max-snippet":"max-snippet:-1","max-image-preview":"max-image-preview:large","max-video-preview":"max-video-preview:-1"},"canonical":"https:\/\/masterjcco.eu\/","og_locale":"en_US","og_type":"article","og_title":"Master Juriste Conformit\u00e9 Compliance Officer : Devenir Juriste Conformit\u00e9 Compliance Officer, Strasbourg","og_description":"Formez-vous au m\u00e9tier de Juriste Conformit\u00e9 et Compliance Officer \u00e0 la Facult\u00e9 de droit de Strasbourg. Master sp\u00e9cialis\u00e9 en droit des affaires et r\u00e9glementation pour r\u00e9ussir dans la conformit\u00e9.","og_url":"https:\/\/masterjcco.eu\/","og_site_name":"Master Juriste Conformit\u00e9 Compliance Officer","article_modified_time":"2026-03-23T11:56:32+00:00","og_image":[{"width":480,"height":509,"url":"https:\/\/masterjcco.eu\/wp-content\/uploads\/2025\/05\/LOGO-PARFAIT.png","type":"image\/png"}],"twitter_card":"summary_large_image","twitter_misc":{"Est. reading time":"3 minutes"},"schema":{"@context":"https:\/\/schema.org","@graph":[{"@type":"WebPage","@id":"https:\/\/masterjcco.eu\/","url":"https:\/\/masterjcco.eu\/","name":"Master Juriste Conformit\u00e9 Compliance Officer : Devenir Juriste Conformit\u00e9 Compliance Officer, Strasbourg","isPartOf":{"@id":"https:\/\/masterjcco.eu\/#website"},"primaryImageOfPage":{"@id":"https:\/\/masterjcco.eu\/#primaryimage"},"image":{"@id":"https:\/\/masterjcco.eu\/#primaryimage"},"thumbnailUrl":"http:\/\/masterjcco.eu\/wp-content\/uploads\/2025\/05\/LOGO-PARFAIT.png","datePublished":"2025-04-04T13:46:48+00:00","dateModified":"2026-03-23T11:56:32+00:00","description":"Formez-vous au m\u00e9tier de Juriste Conformit\u00e9 et Compliance Officer \u00e0 la Facult\u00e9 de droit de Strasbourg. Master sp\u00e9cialis\u00e9 en droit des affaires et r\u00e9glementation pour r\u00e9ussir dans la conformit\u00e9.","breadcrumb":{"@id":"https:\/\/masterjcco.eu\/#breadcrumb"},"inLanguage":"en-US","potentialAction":[{"@type":"ReadAction","target":["https:\/\/masterjcco.eu\/"]}]},{"@type":"ImageObject","inLanguage":"en-US","@id":"https:\/\/masterjcco.eu\/#primaryimage","url":"https:\/\/masterjcco.eu\/wp-content\/uploads\/2025\/05\/LOGO-PARFAIT.png","contentUrl":"https:\/\/masterjcco.eu\/wp-content\/uploads\/2025\/05\/LOGO-PARFAIT.png","width":480,"height":509},{"@type":"BreadcrumbList","@id":"https:\/\/masterjcco.eu\/#breadcrumb","itemListElement":[{"@type":"ListItem","position":1,"name":"Accueil","item":"https:\/\/masterjcco.eu\/"},{"@type":"ListItem","position":2,"name":"Accueil"}]},{"@type":"WebSite","@id":"https:\/\/masterjcco.eu\/#website","url":"https:\/\/masterjcco.eu\/","name":"Master Juriste Conformit\u00e9 Compliance Officer","description":"","publisher":{"@id":"https:\/\/masterjcco.eu\/#organization"},"potentialAction":[{"@type":"SearchAction","target":{"@type":"EntryPoint","urlTemplate":"https:\/\/masterjcco.eu\/?s={search_term_string}"},"query-input":{"@type":"PropertyValueSpecification","valueRequired":true,"valueName":"search_term_string"}}],"inLanguage":"en-US"},{"@type":"Organization","@id":"https:\/\/masterjcco.eu\/#organization","name":"Master Juriste Conformit\u00e9 Compliance Officer","url":"https:\/\/masterjcco.eu\/","logo":{"@type":"ImageObject","inLanguage":"en-US","@id":"https:\/\/masterjcco.eu\/#\/schema\/logo\/image\/","url":"https:\/\/masterjcco.eu\/wp-content\/uploads\/2025\/05\/cropped-LOGO-PARFAIT.png","contentUrl":"https:\/\/masterjcco.eu\/wp-content\/uploads\/2025\/05\/cropped-LOGO-PARFAIT.png","width":409,"height":410,"caption":"Master Juriste Conformit\u00e9 Compliance Officer "},"image":{"@id":"https:\/\/masterjcco.eu\/#\/schema\/logo\/image\/"}}]}},"_links":{"self":[{"href":"https:\/\/masterjcco.eu\/index.php\/wp-json\/wp\/v2\/pages\/162","targetHints":{"allow":["GET"]}}],"collection":[{"href":"https:\/\/masterjcco.eu\/index.php\/wp-json\/wp\/v2\/pages"}],"about":[{"href":"https:\/\/masterjcco.eu\/index.php\/wp-json\/wp\/v2\/types\/page"}],"author":[{"embeddable":true,"href":"https:\/\/masterjcco.eu\/index.php\/wp-json\/wp\/v2\/users\/1"}],"replies":[{"embeddable":true,"href":"https:\/\/masterjcco.eu\/index.php\/wp-json\/wp\/v2\/comments?post=162"}],"version-history":[{"count":32,"href":"https:\/\/masterjcco.eu\/index.php\/wp-json\/wp\/v2\/pages\/162\/revisions"}],"predecessor-version":[{"id":1064,"href":"https:\/\/masterjcco.eu\/index.php\/wp-json\/wp\/v2\/pages\/162\/revisions\/1064"}],"wp:attachment":[{"href":"https:\/\/masterjcco.eu\/index.php\/wp-json\/wp\/v2\/media?parent=162"}],"curies":[{"name":"wp","href":"https:\/\/api.w.org\/{rel}","templated":true}]}}